= -442, -5*q + 0*q - 5*j - 2215 = 0. Let l = 466 + q. What is the remainder when 64 is divided by l?
20
Let m(r) = -92*r - 1835. Suppose -6*p - 52 = -7*p. Calculate the remainder when p is divided by m(-20).
2
Let c(a) = -94*a**2 - 15*a + 13. Let u be c(5). What is the remainder when 29 is divided by 4/(-38) + u/(-171)?
1
Let h = -1449 + 2193. Suppose 4*y - 4*j + h = 2624, 0 = 2*j + 4. Calculate the remainder when y is divided by 67.
66
Suppose -5*y + 67 = -4*m - 242, y = 3*m + 64. Let q(h) = 8*h**2 - 1524*h - 10635. What is the remainder when q(-7) is divided by y?
59
Suppose 70 = 2*v + 4*y, 5*v - 279 = -y + 4*y. Calculate the remainder when 564 is divided by v.
3
Suppose 416 = -6*n + 638. Calculate the remainder when 110 is divided by n.
36
Suppose 5*n = -5*w + 811 - 241, -3*w + 3*n = -318. Calculate the remainder when 1447 is divided by w.
17
Let c = -129 - -275. Suppose 4*d - 118 + 58 = 0. Calculate the remainder when c is divided by d.
11
Let y = -117 - 127. Let w = y + 426. Calculate the remainder when w is divided by 61.
60
Let a = 36 + -20. Suppose 2*w + 44 = 4*h - 2*h, -5*w + a = 2*h. Suppose -181 = -4*i + 3*t + 171, 0 = 2*t. Calculate the remainder when i is divided by h.
16
Let o(v) = v**3 + 19*v**2 + 2*v + 4. Let a be o(-19). Let h be (12/18*3)/((-1)/a). Let x = h - 61. Calculate the remainder when 19 is divided by x.
5
Let o(w) = 11*w - 52. Let j(q) = -5*q + 26. Let y(k) = 5*j(k) + 2*o(k). What is the remainder when 369 is divided by y(-9)?
51
Let o = -40 - -133. Suppose 0 = -27*d + 28*d - 128. Suppose 0*g + 8*g = d. What is the remainder when o is divided by g?
13
Suppose 37 = 4*u - 67. Suppose 0 = 4*h - 6 - 2. What is the remainder when 77 is divided by u*((-6)/h + 4)?
25
Suppose 3*a - 2*a - 5*j = 40, 5*j = 5*a - 120. Suppose -225 - 119 = -8*z. What is the remainder when z is divided by a?
3
Suppose 5*q + 10 = 16*q - 9*q. Suppose 0 = 4*g - 9*g + 130. Calculate the remainder when g is divided by q.
1
Calculate the remainder when 264 is divided by 68/(-12) + 4 + 10906/123.
3
Let i be 2475/(-15)*8/(-10). Let p = i + -116. Calculate the remainder when p is divided by 6.
4
Let v(c) = -33*c**2 + 11*c**2 + 23*c**2 + 54 + 15*c. Calculate the remainder when 5 is divided by v(-5).
1
Suppose -9 + 89 = 2*o. Suppose 16*w = 186 + 678. Calculate the remainder when w is divided by o.
14
What is the remainder when 2*2/(-6)*((-3073 - 12) + -14) is divided by 207?
203
Let b be (-1265)/(-20)*(-28)/(-7). Let z = b + -199. Calculate the remainder when z is divided by 5.
4
Suppose -2*y + 2*v = -y - 36, 3*v - 193 = -5*y. Let s = y + -1. Let l(m) = 38*m**2 + 3*m + 1. What is the remainder when l(-2) is divided by s?
36
Suppose -5*t = p + 320 - 410, 5*t + 70 = p. What is the remainder when 289 is divided by p?
49
Let j be (-4*(-2)/24)/(26/(-5928)). Let h be (-1 - -5)/(6/(-27)). Let p = h - j. Calculate the remainder when p is divided by 30.
28
Let r = 42 + 63. Let l(u) = 12*u**2 - 6*u - 1. Let k be l(-2). Suppose -2*c - 2*i + 50 = 0, 2*c + 7 = -i + k. What is the remainder when r is divided by c?
24
Suppose 0 = -2*y - 10, 9*s = 6*s + 3*y + 3201. Calculate the remainder when s is divided by 133.
131
Suppose 0 = q, -h + 4*q + 92 + 268 = 0. What is the remainder when h is divided by 0 - -28 - (9 + 2 - 11) - -5?
30
Suppose 0 = -14*u + 14, -c - 12 = u - 265. What is the remainder when 654 is divided by c?
150
Let v(x) = 9*x + 23. Let f be v(-2). What is the remainder when 62 is divided by 152/f - (-76)/(-190)?
2
Suppose 2*h - 4*z = 102, h + 5*z + 19 = 77. What is the remainder when h is divided by 6?
5
Suppose -226*r = 5*z - 223*r - 839, 0 = -z + 5*r + 151. What is the remainder when 5971 is divided by z?
161
Let r = -77980 + 78007. Calculate the remainder when r is divided by (16/2)/(6 - 5).
3
Let m(d) = -d**3 + d**2 + 15*d - 15. Let k be m(1). Let p = 33 + -21. Suppose z - 27 - p = k. Calculate the remainder when z is divided by 21.
18
Let i(j) = 13*j - 69. Suppose -3*m + 6 = 3*p - 0, 2*p - 4*m = 4. Suppose 105 = p*s + s. What is the remainder when s is divided by i(6)?
8
Suppose 2*v - 316 = 96. Suppose -216 = 5*i - 366. What is the remainder when v is divided by i?
26
Let t = 26 - -6. Suppose o - 8*o = o. Suppose -2*r + o*n + n + 17 = 0, 2*r - 13 = -3*n. What is the remainder when t is divided by r?
0
Let u = -64 + 37. Let g = -22577 + 22601. What is the remainder when 4/18 + (-2451)/u is divided by g?
19
Suppose -9*t = 8*t - 2621 - 609. What is the remainder when t is divided by 99?
91
Suppose 0 = -52*y + 49*y - 765. Let p = -126 - y. What is the remainder when p is divided by 66?
63
Suppose 6369*k - 6390*k + 714 = 0. Let q(w) = w**2 - 2*w - 3. Let h be q(-3). Calculate the remainder when (32/h)/(1/24) is divided by k.
30
Suppose 6*j - 7*j = 415. Let k = j + 737. Calculate the remainder when k is divided by 54.
52
Let h be (-5 + -168)*-7*(-1 + 2). Suppose 343 - h = -4*o. Calculate the remainder when (18/(-15))/(-1 + o/220) is divided by 46.
42
Let v(o) = -1000*o**3 - 27*o - 32*o**2 - 9*o**2 + 998*o**3 - 20 + 4*o. Calculate the remainder when 69 is divided by v(-20).
29
Suppose 115*h - 106*h - 225 = 0. Let b(r) = -11*r - 16. Calculate the remainder when b(-8) is divided by h.
22
Suppose -3*i + 6 = -0. Suppose -i*a = -a - 57. Let j = 10480 + -10465. What is the remainder when a is divided by j?
12
Suppose -3*b + 3*y + 117 - 90 = 0, b - 3*y + 1 = 0. Let p = 5 + -1. Suppose -5*v + 5 = 5*u, p*v + u = -2*u + 8. What is the remainder when b is divided by v?
4
Let r(w) = 2*w**2 - 6*w - 4. Let n be (-495)/44*12/(-5). Suppose -230 = -37*c + n*c. Calculate the remainder when r(10) is divided by c.
21
Let b = -7583 - -7976. What is the remainder when b is divided by 39?
3
Let d(x) = 40*x**2 + 24*x + 112. Let q be d(-9). Suppose -f + 4*f - q = -5*b, 4*f + b - 4170 = 0. What is the remainder when f is divided by 29?
27
Suppose -10*s + 4*a - 1572 = -13*s, -6 = 2*a. Calculate the remainder when 179 is divided by 132/10 + s/(-440).
11
Let n(t) = 5*t**2 - 10*t - 12. Suppose -114 = -3*y - 3*k, -2*k + 90 + 54 = 4*y. Calculate the remainder when n(-3) is divided by y.
29
Suppose -t - 273 = -5*l - 64, l = 5*t + 1021. Let v = -163 - t. Calculate the remainder when 79 is divided by v.
38
Let f be 0/2*3/6. Let b(s) = -1 + 1 + 12*s + 33 + f*s. Calculate the remainder when b(7) is divided by 12.
9
Let y = 116 + -37. Suppose -6*d = 13 - y. Let f(p) = 7*p - 48. Calculate the remainder when 112 is divided by f(d).
25
Let g = 68 + -64. Suppose g*z = -4*o + 184, -2*o - 5*z = -21 - 74. Let k = 114 - o. Calculate the remainder when k is divided by 36.
33
Suppose 72*z = 75*z - 3, -4*w - 3*z = -215. Calculate the remainder when 167 is divided by w.
8
Suppose 4*r + 6 = 2*s - 628, -s = -7*r - 282. Calculate the remainder when s is divided by 30.
1
Let c = -12 - -50. Calculate the remainder when c is divided by (16/5)/(70/175).
6
Let f = 2099 + 2914. What is the remainder when f is divided by 13?
8
Let r = 249 + -250. What is the remainder when 649 is divided by r + 8/(32/108)?
25
Let l = 48814 - 48748. Suppose 3*c + 23 = 2*u + 8*c, 5*u + 4*c - 66 = 0. Calculate the remainder when l is divided by u.
10
Let k(q) = -17*q**3 + 3*q**2 + 15*q - 4. Calculate the remainder when k(-3) is divided by 165.
107
Let n(k) be the second derivative of k**4/3 - 4*k**3/3 + 6*k**2 - 2*k - 11. What is the remainder when n(3) is divided by 9?
6
Suppose 15*q - 18*q - 3*u = 1095, -721 = 2*q - u. Let j(p) = -37*p + 1. Calculate the remainder when j(-1) is divided by q/(-18) - 14/126.
18
Let t(u) = 2*u**3 - 17*u**2 + 7*u + 8. Let y be t(8). What is the remainder when y/2 + (-4)/(4/(-193)) is divided by 49?
46
Calculate the remainder when 1060 is divided by 53/((-225)/(-30) - 7 - (1 + -1)).
0
Let b(l) = -2*l**3 + 5*l**2 - 325 + 3*l + 325. Calculate the remainder when b(-2) is divided by 10.
0
Suppose 40*g - 3981 = -3661. Let x(k) = -29 + 8 + 6*k - 4. Calculate the remainder when 114 is divided by x(g).
22
Let r(x) = 10*x**3 + 2*x - 1. Let v be r(1). Let z(b) = -27 + 2*b**2 - v - 6 + 3*b. Calculate the remainder when z(8) is divided by 22.
20
Suppose -2*x + 4*a + 3 = -5, -4*x - a - 20 = 0. Suppose 0 = i - 2*c - 11, 5 + 8 = 5*i + 4*c. Calculate the remainder when 70 is divided by x - i/(10/(-56)).
22
Suppose -2*u + 